s the remainder when 1344534 is divided by 224085?
24
Calculate the remainder when 3733358 is divided by 70440.
38
What is the remainder when 144100 is divided by 17976?
292
Calculate the remainder when 72989368 is divided by 90.
88
What is the remainder when 14351196 is divided by 7175595?
6
What is the remainder when 1061757591 is divided by 337?
336
Calculate the remainder when 14629464 is divided by 529.
498
What is the remainder when 123013 is divided by 8541?
3439
Calculate the remainder when 3693662 is divided by 21349.
285
What is the remainder when 2950636 is divided by 50?
36
Calculate the remainder when 3522758 is divided by 17706.
16970
What is the remainder when 49502759 is divided by 124067?
26
Calculate the remainder when 1550322 is divided by 1820.
1502
Calculate the remainder when 49179139 is divided by 16172.
87
What is the remainder when 22404815 is divided by 1302?
1301
Calculate the remainder when 401967 is divided by 1788.
1455
What is the remainder when 74273 is divided by 512?
33
Calculate the remainder when 1147731 is divided by 1147058.
673
Calculate the remainder when 59365 is divided by 198.
163
What is the remainder when 8387288 is divided by 7416?
7208
What is the remainder when 27954 is divided by 3690?
2124
What is the remainder when 21236 is divided by 139?
108
Calculate the remainder when 1250850083 is divided by 44.
43
Calculate the remainder when 84673 is divided by 38684.
7305
Calculate the remainder when 625588 is divided by 125115.
13
Calculate the remainder when 167858 is divided by 15.
8
What is the remainder when 2814736 is divided by 29944?
0
What is the remainder when 24197 is divided by 1637?
1279
Calculate the remainder when 9440812 is divided by 316.
312
Calculate the remainder when 11469 is divided by 3773.
150
What is the remainder when 11312963 is divided by 11?
2
What is the remainder when 39074386 is divided by 773?
9
Calculate the remainder when 5842966 is divided by 2921483.
0
What is the remainder when 1744966 is divided by 581564?
274
Calculate the remainder when 1566966207 is divided by 10.
7
Calculate the remainder when 1415501 is divided by 1415406.
95
Calculate the remainder when 14918357 is divided by 678107.
3
What is the remainder when 41473 is divided by 193?
171
What is the remainder when 243463 is divided by 60842?
95
Calculate the remainder when 573419 is divided by 1882.
1291
Calculate the remainder when 112149 is divided by 652.
5
Calculate the remainder when 141484316 is divided by 4852.
4848
What is the remainder when 76941474 is divided by 1167?
1164
What is the remainder when 14586763 is divided by 561029?
9
Calculate the remainder when 9520813 is divided by 257.
248
Calculate the remainder when 17107175 is divided by 12272.
7
Calculate the remainder when 539423 is divided by 269706.
11
Calculate the remainder when 2648378 is divided by 662092.
10
What is the remainder when 37894411 is divided by 2487?
2479
Calculate the remainder when 5186019 is divided by 1256.
1251
What is the remainder when 3450994 is divided by 173?
163
What is the remainder when 18740 is divided by 13374?
5366
Calculate the remainder when 14614828 is divided by 59.
56
What is the remainder when 888549 is divided by 13?
12
What is the remainder when 274756 is divided by 11945?
21
Calculate the remainder when 743771839 is divided by 56.
55
Calculate the remainder when 1276913326 is divided by 11.
7
What is the remainder when 78955947 is divided by 150?
147
Calculate the remainder when 1240241 is divided by 1356.
857
Calculate the remainder when 15282842 is divided by 505.
27
What is the remainder when 6681763 is divided by 1352?
179
Calculate the remainder when 5765503 is divided by 83558.
1
What is the remainder when 13299518 is divided by 40?
38
What is the remainder when 1518470 is divided by 34?
30
Calculate the remainder when 3705942 is divided by 576.
534
What is the remainder when 89226114 is divided by 401?
5
What is the remainder when 283596 is divided by 1602?
42
Calculate the remainder when 33224085 is divided by 257551.
6
Calculate the remainder when 2114920 is divided by 5941.
5865
Calculate the remainder when 30622155 is divided by 3034.
3027
What is the remainder when 549947 is divided by 137349?
551
What is the remainder when 386605 is divided by 472?
37
Calculate the remainder when 3133415 is divided by 1452.
1451
Calculate the remainder when 402383 is divided by 4.
3
Calculate the remainder when 17239 is divided by 16109.
1130
Calculate the remainder when 58087 is divided by 28642.
803
What is the remainder when 1019272 is divided by 19?
17
What is the remainder when 55263479 is divided by 1547?
1545
Calculate the remainder when 1244970 is divided by 355.
340
What is the remainder when 20767625 is divided by 124357?
6
Calculate the remainder when 1100605 is divided by 73373.
10
What is the remainder when 1859892 is divided by 929694?
504
What is the remainder when 602905375 is divided by 893?
890
What is the remainder when 1857488 is divided by 9725?
13
Calculate the remainder when 256603 is divided by 63989.
647
What is the remainder when 324071648 is divided by 3547?
3540
Calculate the remainder when 31585 is divided by 260.
125
Calculate the remainder when 3857784 is divided by 80370.
24
What is the remainder when 622929 is divided by 622917?
12
Calculate the remainder when 7371878 is divided by 1654.
0
Calculate the remainder when 30261 is divided by 14627.
1007
Calculate the remainder when 570060 is divided by 1573.
634
Calculate the remainder when 526115 is divided by 5481.
5420
What is the remainder when 16974422 is divided by 20600?
22
What is the remainder when 4083802 is divided by 123751?
19
What is the remainder when 44226 is divided by 320?
66
What is the remainder when 146980 is divided by 1256?
28
Calculate the remainder when 1376009 is divided by 458648.
65
Calculate the remainder when 8067119 is divided by 122.
113
What is the remainder when 3938825 is divided by 238?
163
What is the remainder when 58603610 is divided by 232?
178
Calculate the remainder when 2538842 is divided by 35261.
50
What is the remainder when 23226 is divided by 566?
20
What is the remainder when 65076781 is divided by 2738?
2735
What is the remainder when 3632092 is divided by 27?
25
Calculate the remainder when 6678 is divided by 6344.
334
Calculate the remainder when 164680 is divided by 82319.
42
Calculate the remainder when 464158746 is divided by 73.
72
Calculate the remainder when 85196836 is divided by 2920.
2916
Calculate the remainder when 971631 is divided by 138791.
94
What is the remainder when 932909 is divided by 514?
513
What is the remainder when 3737485 is divided by 260?
245
What is the remainder when 6763465 is divided by 14?
9
Calculate the remainder when 1160609 is divided by 22319.
21
What is the remainder when 5294344 is divided by 13170?
4
Calculate the remainder when 6889222 is divided by 48.
22
Calculate the remainder when 2031247 is divided by 1607.
1606
Calculate the remainder when 66973386 is divided by 108.
102
Calculate the remainder when 7775915 is divided by 161998.
11
What is the remainder when 39190 is divided by 1896?
1270
Calculate the remainder when 1046677 is divided by 4031.
2648
Calculate the remainder when 105151 is divided by 726.
607
Calculate the remainder when 51575333 is divided by 1211.
54
What is the remainder when 2717175 is divided by 543435?
0
Calculate the remainder when 184875775 is divided by 1117.
1105
Calculate the remainder when 6598115 is divided by 1319620.
15
Calculate the remainder when 60738 is divided by 15170.
58
Calculate the remainder when 1177812 is divided by 868.
804
Calculate the remainder when 129915 is divided by 1203.
1194
Calculate the remainder when 10801096 is divided by 152128.
8
Calculate the remainder when 7231599 is divided by 167.
165
What is the remainder when 326862 is divided by 21719?
1077
What is the remainder when 386489 is divided by 44?
37
What is the remainder when 62482241 is divided by 63?
38
Calculate the remainder when 1835904 is divided by 100.
4
What is the remainder when 1582409 is divided by 400?
9
Calculate the remainder when 235282 is divided by 785.
567
What is the remainder when 3574797